ulate the greatest common factor of 336 and 784.
112
Calculate the greatest common divisor of 62 and 31.
31
What is the highest common divisor of 84 and 300?
12
Calculate the highest common divisor of 8200 and 615.
205
What is the highest common factor of 1802 and 68?
34
What is the greatest common divisor of 864 and 1800?
72
What is the greatest common factor of 2592 and 891?
81
What is the greatest common factor of 62 and 341?
31
What is the greatest common factor of 136 and 34?
34
What is the highest common factor of 16 and 36?
4
What is the greatest common factor of 12 and 8?
4
Calculate the highest common divisor of 24 and 3852.
12
What is the greatest common divisor of 6 and 87?
3
Calculate the highest common divisor of 19307 and 43.
43
Calculate the greatest common divisor of 118 and 177.
59
Calculate the highest common factor of 78 and 10140.
78
Calculate the highest common divisor of 8 and 1256.
8
Calculate the greatest common divisor of 175 and 140.
35
What is the highest common divisor of 15 and 9?
3
What is the greatest common divisor of 4770 and 15?
15
Calculate the greatest common factor of 78 and 2080.
26
Calculate the highest common divisor of 10590 and 30.
30
Calculate the highest common factor of 280 and 336.
56
What is the highest common factor of 72 and 1328?
8
What is the highest common divisor of 696 and 60?
12
What is the greatest common factor of 112 and 1072?
16
What is the highest common divisor of 589 and 76?
19
Calculate the highest common divisor of 1729 and 8398.
247
Calculate the greatest common divisor of 64 and 40.
8
What is the highest common factor of 394 and 30141?
197
What is the highest common factor of 459 and 27?
27
What is the greatest common factor of 145 and 535?
5
Calculate the highest common divisor of 630 and 70.
70
Calculate the greatest common divisor of 2784 and 87.
87
What is the highest common factor of 72 and 192?
24
What is the highest common divisor of 2028 and 104?
52
Calculate the highest common factor of 22 and 1166.
22
What is the greatest common factor of 361 and 19?
19
Calculate the highest common factor of 39 and 144222.
39
Calculate the highest common divisor of 232 and 29.
29
Calculate the highest common factor of 135 and 1350.
135
Calculate the greatest common factor of 80 and 505.
5
Calculate the highest common divisor of 4 and 1148.
4
Calculate the greatest common factor of 947 and 1.
1
Calculate the greatest common divisor of 120 and 1700.
20
Calculate the highest common factor of 762 and 24.
6
What is the greatest common divisor of 60 and 105?
15
What is the highest common divisor of 4 and 4132?
4
What is the greatest common factor of 250 and 10?
10
What is the greatest common divisor of 10 and 1130?
10
Calculate the greatest common factor of 180 and 3075.
15
What is the greatest common factor of 44 and 2222?
22
Calculate the highest common factor of 12 and 128.
4
Calculate the highest common factor of 2940 and 60.
60
Calculate the greatest common factor of 2710 and 10.
10
Calculate the greatest common factor of 154 and 44.
22
What is the highest common divisor of 6 and 4?
2
What is the greatest common factor of 3953 and 236?
59
What is the highest common divisor of 346 and 3287?
173
Calculate the greatest common divisor of 31 and 3131.
31
Calculate the greatest common divisor of 28 and 1771.
7
What is the greatest common factor of 2655 and 7670?
295
Calculate the highest common divisor of 18 and 10866.
6
Calculate the greatest common divisor of 55 and 561.
11
What is the highest common divisor of 39 and 1937?
13
What is the greatest common divisor of 20 and 860?
20
Calculate the greatest common factor of 45 and 279.
9
Calculate the greatest common divisor of 16 and 16.
16
Calculate the greatest common factor of 100 and 140.
20
Calculate the highest common divisor of 14754 and 6.
6
Calculate the greatest common divisor of 100 and 5300.
100
What is the highest common divisor of 5 and 1571?
1
Calculate the highest common factor of 2060 and 3811.
103
Calculate the highest common factor of 48 and 256.
16
Calculate the highest common factor of 112 and 70.
14
What is the greatest common divisor of 217 and 92876?
217
What is the highest common divisor of 777 and 2997?
111
What is the greatest common divisor of 28 and 777?
7
Calculate the highest common divisor of 2573 and 166.
83
What is the highest common factor of 21 and 189?
21
What is the highest common divisor of 10 and 16?
2
Calculate the highest common factor of 81 and 1251.
9
Calculate the greatest common divisor of 250 and 450.
50
What is the highest common divisor of 28 and 2884?
28
Calculate the highest common factor of 513 and 351.
27
What is the greatest common factor of 13462 and 106?
106
What is the greatest common factor of 44 and 528?
44
Calculate the highest common divisor of 11 and 55.
11
Calculate the highest common divisor of 19 and 304.
19
What is the highest common factor of 60 and 9280?
20
Calculate the greatest common factor of 60 and 44820.
60
What is the highest common factor of 966 and 42?
42
What is the highest common divisor of 1472 and 23?
23
What is the greatest common divisor of 95 and 285?
95
What is the greatest common divisor of 2511 and 162?
81
What is the greatest common divisor of 12 and 516?
12
Calculate the greatest common divisor of 4 and 109.
1
Calculate the highest common divisor of 26 and 1378.
26
What is the greatest common factor of 4240 and 540?
20
Calculate the highest common divisor of 11726 and 13.
13
What is the highest common divisor of 4 and 452?
4
Calculate the highest common divisor of 1552 and 4.
4
What is the highest common divisor of 15 and 510?
15
What is the greatest common divisor of 83 and 4067?
83
What is the greatest common factor of 5 and 135?
5
Calculate the greatest common factor of 19 and 152.
19
What is the highest common divisor of 576 and 72?
72
Calculate the greatest common divisor of 133 and 38.
19
Calculate the greatest common factor of 22586 and 92.
46
What is the greatest common divisor of 200 and 350?
50
What is the highest common factor of 42 and 2784?
6
Calculate the highest common factor of 296 and 12728.
296
What is the highest common factor of 22 and 38?
2
What is the highest common divisor of 1000 and 440?
40
What is the greatest common factor of 9828 and 216?
108
What is the highest common divisor of 548 and 26?
2
What is the greatest common factor of 197 and 2167?
197
Calculate the highest common factor of 132 and 198.
66
Calculate the highest common factor of 75 and 3.
3
Calculate the highest common factor of 18 and 2.
2
Calculate the highest common factor of 228 and 304.
76
What is the highest common factor of 10 and 15?
5
Calculate the greatest common factor of 1139 and 153.
17
Calculate the greatest common divisor of 2208 and 828.
276
Calculate the highest common divisor of 32654 and 58.
58
What is the highest common factor of 7 and 714?
7
Calculate the greatest common factor of 1155 and 10.
5
What is the highest common factor of 395 and 237?
79
Calculate the highest common factor of 258 and 1806.
258
What is the highest common divisor of 270 and 20?
10
Calculate the greatest common factor of 19 and 247.
19
Calculate the highest common divisor of 260 and 2795.
65
Calculate the greatest common divisor of 236 and 2419.
59
What is the highest common factor of 510 and 7310?
170
Calculate the greatest common factor of 897 and 46.
23
What is the greatest common factor of 14 and 28?
14
What is the greatest common divisor of 4698 and 162?
162
What is the greatest common factor of 140 and 9485?
35
What is the greatest common factor of 19 and 741?
19
What is the greatest common factor of 468 and 2?
2
What is the greatest common factor of 2100 and 84?
84
Calculate the highest common factor of 11 and 275.
11
What is the greatest common factor of 22 and 308?
22
Calculate the greatest common divisor of 70 and 182.
14
What is the highest common factor of 2 and 4660?
2
Calculate the highest common factor of 1221 and 264.
33
What is the greatest common factor of 456 and 42?
6
What is the greatest common factor of 24 and 18?
6
What is the highest common divisor of 2074 and 1891?
61
Calculate the highest common factor of 6 and 63.
3
Calculate the greatest com